. Let b(z) be the second derivative of z**5 + z**4/12 + 10*z**3/3 - 25*z**2/2 - 97*z. Let i(m) = 6*b(m) - 11*p(m). What is i(5)?
13
Let k = -476 + 482. Let f(n) = 5*n - 11. Determine f(k).
19
Let v(i) = -10 + 4 + 5*i + 2 - 4*i**2 + 0 + i**3. Suppose 1 = -4*r - 3. Let h be 18/(-6)*(r - -1 - 1). Calculate v(h).
2
Let j = 50 + -20. Let o = -26 + j. Let x(f) = -46*f + 12. Let t(s) = -4*s + 1. Let g(n) = 68*t(n) - 6*x(n). Determine g(o).
12
Let n(z) = -3*z + 13. Let o = 1723 - 1720. Determine n(o).
4
Let k(h) = -h + 2. Let b be k(5). Let n(x) = x**2 + 2*x + 148 - 262 - 6*x + 117 + 2*x. What is n(b)?
18
Let h(t) = -2*t - 3. Let q be h(3). Let k(m) = -m**3 - 8*m**2 + 19*m + 5. Let d(y) = y**3 + 8*y**2 - 17*y - 6. Let z(f) = -3*d(f) - 2*k(f). Calculate z(q).
-28
Let f = -260 + 274. Let l(r) = -r**3 + 20*r**2 - r + 21. Let n(h) = -2*h**3 + 39*h**2 - 2*h + 41. Let g(p) = -11*l(p) + 6*n(p). Determine g(f).
1
Suppose 5*m = -3*d + 25, 3*m - 14 - 1 = -d. Suppose d = -7*w - w + 48. Let u be (-8)/(80/w)*(-10)/1. Let s(g) = g + 1. What is s(u)?
7
Let w(j) = -j**2 + 5*j + 13. Let l be w(9). Let c = -25 - l. Let n(k) = k**2 - 7 + k**2 + 6 + 3 - k. Calculate n(c).
12
Let d be 2 + 6 + -6 + 0. Let l(y) = 73*y + 68*y - d + 71*y - 206*y. Give l(-2).
-14
Let g(u) = -3*u**2 - 17*u + 3. Let h(r) = 4*r**2 + 9*r - 5. Let b(p) = -2*g(p) - 3*h(p). Calculate b(-1).
-4
Let w(p) = -p**3 - 21*p**2 - 39*p - 16. Let u be w(-19). Let f(y) = -y**2 - 6*y + 2. Let t(r) = -2*r**2 - 7*r + 1. Let b(c) = -3*f(c) + 2*t(c). Determine b(u).
-1
Let x(o) = o**2 - 6*o. Let j(m) = m**3 - 22*m**2 - 11*m + 52. Let z be j(22). Let r = 196 + z. Give x(r).
0
Let f(p) = -p**2 + 7*p + 3. Suppose 5*t - 1090 = -4*x, -4*t + 142 + 136 = x. Let j = x - 262. Determine f(j).
-5
Let p(d) be the second derivative of d**5/20 + 23*d**4/12 + 7*d**3 - 7*d**2/2 + 146*d + 4. Calculate p(-21).
-7
Let b(t) = 23*t**3 + 244*t**2 - 76*t - 93. Let q(o) = 8*o**3 + 83*o**2 - 26*o - 31. Let h(j) = 4*b(j) - 11*q(j). Give h(-16).
1
Let m = -101393 + 101390. Let o(i) = 2*i**2 + 0*i**2 + i**2 + 4 + i. Calculate o(m).
28
Let d(x) = 2*x**2 - 4*x - 1. Let g = 52 - 53. Let o be (128/24)/(-3*g/45). Let v be (6/(-10))/(3 + o/(-25)). Calculate d(v).
5
Let q be (1/2)/(19/114). Let f(v) = 0*v**2 + 20*v**2 - v**q + 1 + 0*v**3 - 21*v**2. Give f(2).
-11
Let m(a) = a**2. Let u(b) = 7*b**2 - 15*b + 8. Let n(s) = -6*m(s) + u(s). What is n(12)?
-28
Let m(n) = -128*n + 268*n - n**3 + 16 - 12*n**2 - 150*n. Give m(-11).
5
Let x = 67 - 77. Let s = x + 16. Let m(k) = k - 21 + 11 + 6. What is m(s)?
2
Let t(n) = -n - 2. Suppose -76 = -9*x - 22. Let v(y) = -20*y - 11. Let s(l) = x*t(l) - v(l). What is s(1)?
13
Let v(x) = x + 5. Let o(d) = 4*d + 16. Let f(z) = -2*o(z) + 7*v(z). Let l(h) = h**2 - 59*h - 57. Let t be l(-1). Give f(t).
0
Let b(g) = -81*g - 3*g**3 + 15*g**2 - 1 - 9*g**2 + 73*g + 1 + 3. Determine b(3).
-48
Suppose -3*j = 100 - 79. Let n(f) = -6*f + 21. Let w(q) = -3*q + 10. Let y(l) = j*w(l) + 3*n(l). Let s(h) = -3*h. Let z be s(-2). Determine y(z).
11
Suppose 0 = 5*i + 4*k + 32, 3*i - 3*k = k. Let g(v) = 3*v + 8. Let m = -25517 + 25528. Let d(b) = 8*b + 24. Let u(o) = i*d(o) + m*g(o). Give u(10).
2
Let x(y) = -y**2 + y - 6. Suppose -4*f + 6*f = -4*k - 130, 5*k + 190 = -3*f. Let u = f - -55. Determine x(u).
-6
Let b(t) = 425*t - 1130*t + 382*t + 3 + 394*t. Calculate b(-1).
-68
Let n(v) = 2*v**2 - 5*v**2 + 2*v + 2*v**2 + 5. Let w(l) = -4810*l - 19236. Let c be w(-4). Calculate n(c).
-3
Let i be 6 - -2 - 4 - -1. Suppose 8 + 17 = -i*g + 3*h, 0 = 2*g - 2*h + 10. Let s(q) = q + 20 - 13 - 7 + q**3 + 5*q**2. Give s(g).
-5
Let q(v) = -2*v**3 - 35*v**2 - 13*v + 66. Let t = -23444 - -23427. Give q(t).
-2
Let y(v) be the second derivative of 11*v**3/6 + 19*v**2/2 + 2111*v. Give y(-2).
-3
Let r(j) = -38*j. Let z = -8559 - -8561. Give r(z).
-76
Let k = 7686 + -7692. Let g(a) = -5 + 3*a**2 + 7*a - 2*a**2 - 3*a. What is g(k)?
7
Let y(g) = 11 - 15 - 14 - 14 - 20 - g**2. Give y(0).
-52
Let k(m) = m**2 + 11*m + 2. Let r(s) = s**2 + 10*s + 1. Let f(i) = 3*k(i) - 2*r(i). Let l(g) = -55*g - 4578. Let u be l(-83). Give f(u).
4
Let v(l) = 2*l**2 + 13*l + 13. Suppose 5*f + 0*x + 37 = -x, 21 = -3*x. What is v(f)?
7
Let i(w) = -w - 1. Let j(l) = -7*l + 4. Suppose -37*s + 120 = -7*s. Let q(x) = s*i(x) - j(x). What is q(3)?
1
Let u(z) be the second derivative of -z**3 - 5*z**2/2 - 3885*z. Give u(-4).
19
Let w(g) = 11*g + 4. Let t(u) = -100*u - 23. Let f(a) = t(a) + 5*w(a). Give f(-1).
42
Let l(a) = -a**3 - 15*a**2 - 22*a + 291. Let k be l(-9). Let b(y) = 18*y**2 - 7*y + 6. Give b(k).
147
Let i(y) = y**2 + 3*y + 3. Let w be i(-3). Let s(a) = -4*a + 62. Let l be s(15). Let o(v) = -2*v + 3 + 2*v - l*v. Give o(w).
-3
Let y be 4/6 + 590/15. Suppose -u + 3*t = 24, 2*t - y = 5*u + 3*t. Let p(n) = -n**2 - 10*n + 6. Calculate p(u).
15
Let x(z) be the third derivative of -5*z**4/24 - z**3/6 + 2*z**2. Let n = 578 + -239. Suppose -347*r = -n*r - 24. Determine x(r).
-16
Let b be -5*((-6)/5)/3. Let g(t) = -2 + 1 + b - 10*t. Let j be 1000/(-1200) + 44/24. What is g(j)?
-9
Let a(j) = -354*j**2 - 4007 + 4029 + 13*j + 356*j**2. What is a(-4)?
2
Let z be (-8)/((-168)/2655) - (-48)/84. Suppose 126*s - 8 = z*s. Let u(o) = o + 5. Give u(s).
-3
Let m(q) = 51*q + 35*q - 63*q**2 + 23*q**2 - 35 - 10 + 37*q**2. Determine m(28).
11
Let h be 39/6 + 27/18. Suppose -2 = 2*i + h. Let a = i - -7. Let g(m) = -2*m**2 - 2. Give g(a).
-10
Let s(z) be the second derivative of 2*z**3/3 + 63*z**2/2 - 187*z. What is s(-18)?
-9
Suppose 4*d - t + 35 = 26, 2*t = 2*d. Let u(m) = -m**3 + m**2 + 6*m + 3. What is u(d)?
21
Let q be ((-40)/6)/(-3 - 49/(-21)). Let z(j) = 14*j + 7. Let p(t) = 58*t + 32. Let x(r) = 6*p(r) - 25*z(r). Give x(q).
-3
Let o(p) = -p**3 + 18*p**2 - 19*p - 48. Let m(s) = -3*s**3 + 53*s**2 - 57*s - 152. Let g(x) = 6*m(x) - 19*o(x). Calculate g(23).
-92
Let g be (1920/100)/(6/20). Let w(y) = 19*y**2 + 13 + 26*y**2 + 18*y**2 - g*y**2. What is w(0)?
13
Let y(i) = 34*i - 7. Suppose 0*d = 3*d - 21. Let k(a) be the third derivative of -3*a**4/2 + 4*a**3/3 - 2862*a**2. Let s(g) = d*y(g) + 6*k(g). Give s(-1).
-23
Let w(x) = -6*x + 251. Let m be w(-11). Let p = 318 - m. Let d(l) be the third derivative of l**6/15 - l**5/60 + l**4/24 - l**3/6 - l**2. Determine d(p).
7
Suppose -11 = -8*b + 5. Let f(a) = -2 - a**2 + 185*a - b*a**2 - 167*a + 2*a**2. Determine f(18).
-2
Let a(z) = 8*z - 22. Let x be a(4). Let u(q) = 3*q - 16*q**3 + 2 - 17*q**3 + 42*q**3 - 5*q**2 - x*q**3. Determine u(-5).
-13
Suppose -3*i = 9, -76*i + 60 = 6*f - 80*i. Let r(n) = n**3 - 8*n**2 - 7*n + 58. What is r(f)?
2
Let y(s) = -3*s + 159. Let q(m) = -3*m + 112. Let g(r) = 6*q(r) - 4*y(r). What is g(11)?
-30
Let b(g) = 87146 - 174260 - 3*g + 87147. Give b(0).
33
Let t be (-2848)/40*10/4. Let v = 173 + t. Let x(i) = -8*i - 2*i**2 + 3*i**2 - 5 + i**2 - 3*i**2. What is x(v)?
10
Let s = -189 - -280. Suppose 2*c - 111 = 87. Let w = c - s. Let q(l) = -l**3 + 8*l**2 - 3*l + 10. What is q(w)?
-14
Let i be -7*(-18)/(-33) + 28/(-154). Let y(f) = 5*f**2 - 13*f + 7. Let s(k) = -6*k**2 + 14*k - 9. Let l(p) = i*s(p) - 5*y(p). What is l(7)?
15
Let r(l) = -148*l - 120*l + 284*l + 2. What is r(-4)?
-62
Let z(w) = 20*w + 7. Let v(g) be the third derivative of 0 + g**3 + 14*g**2 + 5/6*g**4 + 0*g. Let k(m) = 6*v(m) - 5*z(m). Determine k(-1).
-19
Let w(c) be the third derivative of 1/6*c**3 + 0 + 2*c**2 + 1/8*c**4 - 3/20*c**5 - 17*c. What is w(-2)?
-41
Suppose 0 = m + m - 12. Suppose 12 = -3*x, -2*u + 3*x + 2*x = -30. Let s(b) = -7 + 8 - u*b - m. Determine s(-4).
15
Let f(z) = 21*z**2 - 2*z. Suppose -36*v + 14 + 22 = 0. Give f(v).
19
Let d(b) be the second derivative of b**3/6 - b**2 - 5*b. Suppose -187 + 206 = 19*a. Calculate d(a).
-1
Let y(u) = u - 9. Let h(j) = 13*j - 41. Let n(f) = -h(f) + 4*y(f). What is n(4)?
-31
Suppose 4*m = 5*i + 17 - 32, 4*m = i - 19. Let f(r) = 29*r. Give f(i).
-29
Suppose -2 = -w + 6. Let p(a) = -a. Let s(q) = -q**2 + 13*q - 12. Let u(b) = -4*p(b) - s(b). Calculate u(w).
4
Let a(q) be the second derivative of -q**4/12 + 2*q**3/3 + 3*q**2 - 3*q + 168. Let d be 2/3 + 13/3. Determine a(d).
1
Let i(j) be the second derivative of 12*j + 2/3*j**3 - 1/8*j**4 + 0 - 1/2*j**2. Let w(u) be the first derivative of i(u). What is w(6)?
-14
L